[INFO] fetching crate skip 0.0.0...
[INFO] checking skip-0.0.0 against master#e6e4f7ed1589e03bc2f6c5931c1a72e7947e8682 for beta-170-4
[INFO] extracting crate skip 0.0.0 into /workspace/builds/worker-3-tc2/source
[INFO] validating manifest of crates.io crate skip 0.0.0 on toolchain e6e4f7ed1589e03bc2f6c5931c1a72e7947e8682
[INFO] running `Command { std: CARGO_HOME="/workspace/cargo-home" RUSTUP_HOME="/workspace/rustup-home" "/workspace/cargo-home/bin/cargo" "+e6e4f7ed1589e03bc2f6c5931c1a72e7947e8682" "metadata" "--manifest-path" "Cargo.toml" "--no-deps", kill_on_drop: false }`
[INFO] started tweaking crates.io crate skip 0.0.0
[INFO] finished tweaking crates.io crate skip 0.0.0
[INFO] tweaked toml for crates.io crate skip 0.0.0 written to /workspace/builds/worker-3-tc2/source/Cargo.toml
[INFO] running `Command { std: CARGO_HOME="/workspace/cargo-home" RUSTUP_HOME="/workspace/rustup-home" __CARGO_TEST_CHANNEL_OVERRIDE_DO_NOT_USE_THIS="nightly" "/workspace/cargo-home/bin/cargo" "+e6e4f7ed1589e03bc2f6c5931c1a72e7947e8682" "generate-lockfile" "--manifest-path" "Cargo.toml" "-Zno-index-update", kill_on_drop: false }`
[INFO] running `Command { std: CARGO_HOME="/workspace/cargo-home" RUSTUP_HOME="/workspace/rustup-home" "/workspace/cargo-home/bin/cargo" "+e6e4f7ed1589e03bc2f6c5931c1a72e7947e8682" "fetch" "--manifest-path" "Cargo.toml", kill_on_drop: false }`
[INFO] running `Command { std: "docker" "create" "-v" "/var/lib/crater-agent-workspace/builds/worker-3-tc2/target:/opt/rustwide/target:rw,Z" "-v" "/var/lib/crater-agent-workspace/builds/worker-3-tc2/source:/opt/rustwide/workdir:ro,Z" "-v" "/var/lib/crater-agent-workspace/cargo-home:/opt/rustwide/cargo-home:ro,Z" "-v" "/var/lib/crater-agent-workspace/rustup-home:/opt/rustwide/rustup-home:ro,Z" "-e" "SOURCE_DIR=/opt/rustwide/workdir" "-e" "CARGO_TARGET_DIR=/opt/rustwide/target" "-e" "CARGO_HOME=/opt/rustwide/cargo-home" "-e" "RUSTUP_HOME=/opt/rustwide/rustup-home" "-w" "/opt/rustwide/workdir" "-m" "1610612736" "--user" "0:0" "--network" "none" "ghcr.io/rust-lang/crates-build-env/linux@sha256:19e73879b68f455e41552ea35293514db52ea292d993f571636dbffedb77a1ee" "/opt/rustwide/cargo-home/bin/cargo" "+e6e4f7ed1589e03bc2f6c5931c1a72e7947e8682" "metadata" "--no-deps" "--format-version=1", kill_on_drop: false }`
[INFO] [stdout] 5ddb79658986513d5f94047c564ac0bc946345df012bdc0cd496e74894c5a87d
[INFO] running `Command { std: "docker" "start" "-a" "5ddb79658986513d5f94047c564ac0bc946345df012bdc0cd496e74894c5a87d", kill_on_drop: false }`
[INFO] running `Command { std: "docker" "inspect" "5ddb79658986513d5f94047c564ac0bc946345df012bdc0cd496e74894c5a87d", kill_on_drop: false }`
[INFO] running `Command { std: "docker" "rm" "-f" "5ddb79658986513d5f94047c564ac0bc946345df012bdc0cd496e74894c5a87d", kill_on_drop: false }`
[INFO] [stdout] 5ddb79658986513d5f94047c564ac0bc946345df012bdc0cd496e74894c5a87d
[INFO] running `Command { std: "docker" "create" "-v" "/var/lib/crater-agent-workspace/builds/worker-3-tc2/target:/opt/rustwide/target:rw,Z" "-v" "/var/lib/crater-agent-workspace/builds/worker-3-tc2/source:/opt/rustwide/workdir:ro,Z" "-v" "/var/lib/crater-agent-workspace/cargo-home:/opt/rustwide/cargo-home:ro,Z" "-v" "/var/lib/crater-agent-workspace/rustup-home:/opt/rustwide/rustup-home:ro,Z" "-e" "SOURCE_DIR=/opt/rustwide/workdir" "-e" "CARGO_TARGET_DIR=/opt/rustwide/target" "-e" "CARGO_INCREMENTAL=0" "-e" "RUST_BACKTRACE=full" "-e" "RUSTFLAGS=--cap-lints=forbid" "-e" "RUSTDOCFLAGS=--cap-lints=forbid" "-e" "CARGO_HOME=/opt/rustwide/cargo-home" "-e" "RUSTUP_HOME=/opt/rustwide/rustup-home" "-w" "/opt/rustwide/workdir" "-m" "1610612736" "--user" "0:0" "--network" "none" "ghcr.io/rust-lang/crates-build-env/linux@sha256:19e73879b68f455e41552ea35293514db52ea292d993f571636dbffedb77a1ee" "/opt/rustwide/cargo-home/bin/cargo" "+e6e4f7ed1589e03bc2f6c5931c1a72e7947e8682" "check" "--frozen" "--all" "--all-targets" "--message-format=json", kill_on_drop: false }`
[INFO] [stdout] 30c2b80526e8d592d157534e9d15456b1d4f38f14921dcf8042c11e15e2c8e2d
[INFO] running `Command { std: "docker" "start" "-a" "30c2b80526e8d592d157534e9d15456b1d4f38f14921dcf8042c11e15e2c8e2d", kill_on_drop: false }`
[INFO] [stderr]     Checking rand_os v0.1.3
[INFO] [stderr]     Checking rand v0.6.5
[INFO] [stderr]     Checking skip v0.0.0 (/opt/rustwide/workdir)
[INFO] [stdout] error[E0635]: unknown feature `box_into_raw_non_null`
[INFO] [stdout]  --> src/lib.rs:1:12
[INFO] [stdout]   |
[INFO] [stdout] 1 | #![feature(box_into_raw_non_null)]
[INFO] [stdout]   |            ^^^^^^^^^^^^^^^^^^^^^
[INFO] [stdout] 
[INFO] [stdout] 
[INFO] [stdout] error[E0635]: unknown feature `box_into_raw_non_null`
[INFO] [stdout]  --> src/lib.rs:1:12
[INFO] [stdout]   |
[INFO] [stdout] 1 | #![feature(box_into_raw_non_null)]
[INFO] [stdout]   |            ^^^^^^^^^^^^^^^^^^^^^
[INFO] [stdout] 
[INFO] [stdout] 
[INFO] [stdout] error[E0599]: no function or associated item named `into_raw_non_null` found for struct `Box<_, _>` in the current scope
[INFO] [stdout]   --> src/lib.rs:86:33
[INFO] [stdout]    |
[INFO] [stdout] 86 |         let new_node_ptr = Box::into_raw_non_null(new_node);
[INFO] [stdout]    |                                 ^^^^^^^^^^^^^^^^^ function or associated item not found in `Box<_, _>`
[INFO] [stdout] 
[INFO] [stdout] 
[INFO] [stdout] error[E0599]: no function or associated item named `into_raw_non_null` found for struct `Box<_, _>` in the current scope
[INFO] [stdout]   --> src/lib.rs:86:33
[INFO] [stdout]    |
[INFO] [stdout] 86 |         let new_node_ptr = Box::into_raw_non_null(new_node);
[INFO] [stdout]    |                                 ^^^^^^^^^^^^^^^^^ function or associated item not found in `Box<_, _>`
[INFO] [stdout] 
[INFO] [stdout] 
[INFO] [stdout] error: aborting due to 2 previous errors
[INFO] [stdout] 
[INFO] [stdout] 
[INFO] [stdout] Some errors have detailed explanations: E0599, E0635.
[INFO] [stdout] 
[INFO] [stdout] For more information about an error, try `rustc --explain E0599`.
[INFO] [stdout] 
[INFO] [stderr] error: could not compile `skip` (lib) due to 3 previous errors
[INFO] [stderr] warning: build failed, waiting for other jobs to finish...
[INFO] [stdout] error: aborting due to 2 previous errors
[INFO] [stdout] 
[INFO] [stdout] 
[INFO] [stdout] Some errors have detailed explanations: E0599, E0635.
[INFO] [stdout] 
[INFO] [stdout] For more information about an error, try `rustc --explain E0599`.
[INFO] [stdout] 
[INFO] [stderr] error: could not compile `skip` (lib test) due to 3 previous errors
[INFO] running `Command { std: "docker" "inspect" "30c2b80526e8d592d157534e9d15456b1d4f38f14921dcf8042c11e15e2c8e2d", kill_on_drop: false }`
[INFO] running `Command { std: "docker" "rm" "-f" "30c2b80526e8d592d157534e9d15456b1d4f38f14921dcf8042c11e15e2c8e2d", kill_on_drop: false }`
[INFO] [stdout] 30c2b80526e8d592d157534e9d15456b1d4f38f14921dcf8042c11e15e2c8e2d
